[INFO] cloning repository https://github.com/Nanai10a/vivara
[INFO] running `Command { std: "git" "-c" "credential.helper=" "-c" "credential.helper=/workspace/cargo-home/bin/git-credential-null" "clone" "--bare" "https://github.com/Nanai10a/vivara" "/workspace/cache/git-repos/https%3A%2F%2Fgithub.com%2FNanai10a%2Fvivara", kill_on_drop: false }`
[INFO] [stderr] Cloning into bare repository '/workspace/cache/git-repos/https%3A%2F%2Fgithub.com%2FNanai10a%2Fvivara'...
[INFO] running `Command { std: "git" "rev-parse" "HEAD", kill_on_drop: false }`
[INFO] [stdout] 83c090967413ec7b5ada84ce3542b6bda143827e
[INFO] checking Nanai10a/vivara against master#9610dfe5a9a731ced1ea4923ecbd0c57fe367898 for beta-170-4
[INFO] running `Command { std: "git" "clone" "/workspace/cache/git-repos/https%3A%2F%2Fgithub.com%2FNanai10a%2Fvivara" "/workspace/builds/worker-1-tc1/source", kill_on_drop: false }`
[INFO] [stderr] Cloning into '/workspace/builds/worker-1-tc1/source'...
[INFO] [stderr] done.
[INFO] validating manifest of git repo https://github.com/Nanai10a/vivara on toolchain 9610dfe5a9a731ced1ea4923ecbd0c57fe367898
[INFO] running `Command { std: CARGO_HOME="/workspace/cargo-home" RUSTUP_HOME="/workspace/rustup-home" "/workspace/cargo-home/bin/cargo" "+9610dfe5a9a731ced1ea4923ecbd0c57fe367898" "metadata" "--manifest-path" "Cargo.toml" "--no-deps", kill_on_drop: false }`
[INFO] removed /workspace/builds/worker-1-tc1/source/.cargo/config
[INFO] started tweaking git repo https://github.com/Nanai10a/vivara
[INFO] finished tweaking git repo https://github.com/Nanai10a/vivara
[INFO] tweaked toml for git repo https://github.com/Nanai10a/vivara written to /workspace/builds/worker-1-tc1/source/Cargo.toml
[INFO] crate git repo https://github.com/Nanai10a/vivara already has a lockfile, it will not be regenerated
[INFO] running `Command { std: CARGO_HOME="/workspace/cargo-home" RUSTUP_HOME="/workspace/rustup-home" "/workspace/cargo-home/bin/cargo" "+9610dfe5a9a731ced1ea4923ecbd0c57fe367898" "fetch" "--manifest-path" "Cargo.toml", kill_on_drop: false }`
[INFO] [stderr]     Updating git repository `https://github.com/Nanai10a/range_parser.git`
[INFO] [stderr]     Updating crates.io index
[INFO] [stderr]     Blocking waiting for file lock on package cache
[INFO] [stderr]  Downloading crates ...
[INFO] [stderr]   Downloaded leaky-bucket-lite v0.5.2
[INFO] [stderr]   Downloaded streamcatcher v1.0.1
[INFO] [stderr]   Downloaded salsa20 v0.9.0
[INFO] [stderr]   Downloaded serenity-voice-model v0.1.1
[INFO] [stderr]   Downloaded audiopus v0.3.0-rc.0
[INFO] [stderr]   Downloaded twilight-validate v0.12.1
[INFO] [stderr]   Downloaded discortp v0.4.0
[INFO] [stderr]   Downloaded halfbrown v0.1.15
[INFO] [stderr]   Downloaded value-trait v0.4.0
[INFO] [stderr]   Downloaded simd-json v0.6.0
[INFO] [stderr]   Downloaded twilight-gateway-queue v0.12.0
[INFO] [stderr]   Downloaded xsalsa20poly1305 v0.8.0
[INFO] [stderr]   Downloaded twilight v0.12.0
[INFO] [stderr]   Downloaded twilight-util v0.12.1
[INFO] [stderr]   Downloaded twilight-model v0.12.3
[INFO] [stderr]   Downloaded audiopus_sys v0.2.2
[INFO] [stderr]   Downloaded libz-ng-sys v1.1.8
[INFO] [stderr]   Downloaded songbird v0.3.0
[INFO] [stderr]   Downloaded twilight-http-ratelimiting v0.12.2
[INFO] [stderr]   Downloaded twilight-gateway v0.12.1
[INFO] [stderr]   Downloaded twilight-http v0.12.2
[INFO] running `Command { std: "docker" "create" "-v" "/var/lib/crater-agent-workspace/builds/worker-1-tc1/target:/opt/rustwide/target:rw,Z" "-v" "/var/lib/crater-agent-workspace/builds/worker-1-tc1/source:/opt/rustwide/workdir:ro,Z" "-v" "/var/lib/crater-agent-workspace/cargo-home:/opt/rustwide/cargo-home:ro,Z" "-v" "/var/lib/crater-agent-workspace/rustup-home:/opt/rustwide/rustup-home:ro,Z" "-e" "SOURCE_DIR=/opt/rustwide/workdir" "-e" "CARGO_TARGET_DIR=/opt/rustwide/target" "-e" "CARGO_HOME=/opt/rustwide/cargo-home" "-e" "RUSTUP_HOME=/opt/rustwide/rustup-home" "-w" "/opt/rustwide/workdir" "-m" "1610612736" "--user" "0:0" "--network" "none" "ghcr.io/rust-lang/crates-build-env/linux@sha256:5ff2268d62e97bff2cde7d5815dd6ed5b47097566f13b8d0ca110b04b60e07ed" "/opt/rustwide/cargo-home/bin/cargo" "+9610dfe5a9a731ced1ea4923ecbd0c57fe367898" "metadata" "--no-deps" "--format-version=1", kill_on_drop: false }`
[INFO] [stdout] 1fcb463943b06768c953f1f23511926ecc01ce1758d682664072975ee76e4a4a
[INFO] running `Command { std: "docker" "start" "-a" "1fcb463943b06768c953f1f23511926ecc01ce1758d682664072975ee76e4a4a", kill_on_drop: false }`
[INFO] running `Command { std: "docker" "inspect" "1fcb463943b06768c953f1f23511926ecc01ce1758d682664072975ee76e4a4a", kill_on_drop: false }`
[INFO] running `Command { std: "docker" "rm" "-f" "1fcb463943b06768c953f1f23511926ecc01ce1758d682664072975ee76e4a4a", kill_on_drop: false }`
[INFO] [stdout] 1fcb463943b06768c953f1f23511926ecc01ce1758d682664072975ee76e4a4a
[INFO] running `Command { std: "docker" "create" "-v" "/var/lib/crater-agent-workspace/builds/worker-1-tc1/target:/opt/rustwide/target:rw,Z" "-v" "/var/lib/crater-agent-workspace/builds/worker-1-tc1/source:/opt/rustwide/workdir:ro,Z" "-v" "/var/lib/crater-agent-workspace/cargo-home:/opt/rustwide/cargo-home:ro,Z" "-v" "/var/lib/crater-agent-workspace/rustup-home:/opt/rustwide/rustup-home:ro,Z" "-e" "SOURCE_DIR=/opt/rustwide/workdir" "-e" "CARGO_TARGET_DIR=/opt/rustwide/target" "-e" "CARGO_INCREMENTAL=0" "-e" "RUST_BACKTRACE=full" "-e" "RUSTFLAGS=--cap-lints=forbid" "-e" "RUSTDOCFLAGS=--cap-lints=forbid" "-e" "CARGO_HOME=/opt/rustwide/cargo-home" "-e" "RUSTUP_HOME=/opt/rustwide/rustup-home" "-w" "/opt/rustwide/workdir" "-m" "1610612736" "--user" "0:0" "--network" "none" "ghcr.io/rust-lang/crates-build-env/linux@sha256:5ff2268d62e97bff2cde7d5815dd6ed5b47097566f13b8d0ca110b04b60e07ed" "/opt/rustwide/cargo-home/bin/cargo" "+9610dfe5a9a731ced1ea4923ecbd0c57fe367898" "check" "--frozen" "--all" "--all-targets" "--message-format=json", kill_on_drop: false }`
[INFO] [stdout] 9676fed4348a1c5cb1504be6fe1a3cb018aaaea15cba86976b1cc38fab29abb2
[INFO] running `Command { std: "docker" "start" "-a" "9676fed4348a1c5cb1504be6fe1a3cb018aaaea15cba86976b1cc38fab29abb2", kill_on_drop: false }`
[INFO] [stderr]     Blocking waiting for file lock on package cache
[INFO] [stderr]    Compiling unicode-ident v1.0.1
[INFO] [stderr]    Compiling syn v1.0.98
[INFO] [stderr]     Checking once_cell v1.14.0
[INFO] [stderr]    Compiling log v0.4.17
[INFO] [stderr]    Compiling lock_api v0.4.8
[INFO] [stderr]     Checking getrandom v0.2.7
[INFO] [stderr]    Compiling futures-core v0.3.24
[INFO] [stderr]     Checking futures-sink v0.3.24
[INFO] [stderr]    Compiling proc-macro2 v1.0.40
[INFO] [stderr]    Compiling tokio v1.21.0
[INFO] [stderr]    Compiling futures-task v0.3.24
[INFO] [stderr]    Compiling futures-channel v0.3.24
[INFO] [stderr]     Checking tracing-core v0.1.29
[INFO] [stderr]    Compiling quote v1.0.20
[INFO] [stderr]    Compiling ahash v0.7.6
[INFO] [stderr]     Checking parking_lot v0.12.1
[INFO] [stderr]    Compiling ring v0.16.20
[INFO] [stderr]     Checking mio v0.8.4
[INFO] [stderr]    Compiling futures-util v0.3.24
[INFO] [stderr]    Compiling serde_derive v1.0.138
[INFO] [stderr]     Checking futures-io v0.3.24
[INFO] [stderr]    Compiling serde v1.0.138
[INFO] [stderr]     Checking http v0.2.8
[INFO] [stderr]     Checking rand_core v0.6.3
[INFO] [stderr]    Compiling rustls v0.20.6
[INFO] [stderr]     Checking hashbrown v0.12.3
[INFO] [stderr]     Checking percent-encoding v2.2.0
[INFO] [stderr]     Checking rand_chacha v0.3.1
[INFO] [stderr]     Checking rustls-pemfile v1.0.1
[INFO] [stderr]     Checking ordered-float v2.10.0
[INFO] [stderr]     Checking block-buffer v0.10.3
[INFO] [stderr]     Checking want v0.3.0
[INFO] [stderr]     Checking digest v0.10.3
[INFO] [stderr]     Checking rand v0.8.5
[INFO] [stderr]     Checking rustls-native-certs v0.6.2
[INFO] [stderr]     Checking idna v0.3.0
[INFO] [stderr]     Checking time v0.3.14
[INFO] [stderr]     Checking form_urlencoded v1.1.0
[INFO] [stderr]    Compiling crossbeam-utils v0.8.10
[INFO] [stderr]     Checking http-body v0.4.5
[INFO] [stderr]     Checking indexmap v1.9.1
[INFO] [stderr]     Checking sha-1 v0.10.0
[INFO] [stderr]    Compiling libz-sys v1.1.8
[INFO] [stderr]     Checking url v2.3.1
[INFO] [stderr]    Compiling libz-ng-sys v1.1.8
[INFO] [stderr]     Checking utf-8 v0.7.6
[INFO] [stderr]    Compiling audiopus_sys v0.2.2
[INFO] [stderr]     Checking brotli v3.3.4
[INFO] [stderr]    Compiling regex-syntax v0.6.26
[INFO] [stderr]     Checking universal-hash v0.4.1
[INFO] [stderr]    Compiling proc-macro-error-attr v1.0.4
[INFO] [stderr]     Checking num-traits v0.1.43
[INFO] [stderr]     Checking cipher v0.3.0
[INFO] [stderr]    Compiling async-trait v0.1.56
[INFO] [stderr]     Checking pnet_base v0.28.0
[INFO] [stderr]     Checking zeroize v1.3.0
[INFO] [stderr]     Checking pnet_macros_support v0.28.0
[INFO] [stderr]     Checking poly1305 v0.7.2
[INFO] [stderr]     Checking salsa20 v0.9.0
[INFO] [stderr]     Checking enum_primitive v0.1.1
[INFO] [stderr]     Checking aead v0.4.3
[INFO] [stderr]     Checking float-cmp v0.9.0
[INFO] [stderr]     Checking spin v0.9.3
[INFO] [stderr]     Checking nanorand v0.7.0
[INFO] [stderr]     Checking os_str_bytes v6.1.0
[INFO] [stderr]     Checking bytemuck v1.12.1
[INFO] [stderr]    Compiling songbird v0.3.0
[INFO] [stderr]     Checking arrayvec v0.7.2
[INFO] [stderr]     Checking clap_lex v0.2.4
[INFO] [stderr]     Checking xsalsa20poly1305 v0.8.0
[INFO] [stderr]     Checking audiopus v0.3.0-rc.0
[INFO] [stderr]     Checking crossbeam-channel v0.5.5
[INFO] [stderr]     Checking symphonia-core v0.5.1
[INFO] [stderr]     Checking tracing-log v0.1.3
[INFO] [stderr]     Checking webpki v0.22.0
[INFO] [stderr]     Checking sct v0.7.0
[INFO] [stderr]     Checking dashmap v5.4.0
[INFO] [stderr]     Checking thread_local v1.1.4
[INFO] [stderr]    Compiling regex v1.5.6
[INFO] [stderr]     Checking webpki-roots v0.22.4
[INFO] [stderr]     Checking uuid v0.8.2
[INFO] [stderr]    Compiling proc-macro-error v1.0.4
[INFO] [stderr]     Checking typemap_rev v0.1.5
[INFO] [stderr]     Checking simdutf8 v0.1.4
[INFO] [stderr]     Checking tracing-subscriber v0.3.15
[INFO] [stderr]     Checking twilight-util v0.12.1
[INFO] [stderr]     Checking range_parser v0.1.0-alpha (https://github.com/Nanai10a/range_parser.git#6bddb426)
[INFO] [stderr]     Checking twilight v0.12.0
[INFO] [stderr]     Checking shell-words v1.1.0
[INFO] [stderr]    Compiling tokio-macros v1.8.0
[INFO] [stderr]    Compiling futures-macro v0.3.24
[INFO] [stderr]    Compiling tracing-attributes v0.1.22
[INFO] [stderr]    Compiling serde_repr v0.1.8
[INFO] [stderr]    Compiling thiserror-impl v1.0.31
[INFO] [stderr]    Compiling pin-project-internal v1.0.11
[INFO] [stderr]    Compiling pnet_macros v0.28.0
[INFO] [stderr]     Checking pin-project v1.0.11
[INFO] [stderr]     Checking flume v0.10.13
[INFO] [stderr]     Checking thiserror v1.0.31
[INFO] [stderr]     Checking tungstenite v0.17.3
[INFO] [stderr]     Checking tracing v0.1.36
[INFO] [stderr]    Compiling derivative v2.2.0
[INFO] [stderr]     Checking tracing-futures v0.2.5
[INFO] [stderr]    Compiling actix_derive v0.6.0
[INFO] [stderr]     Checking discortp v0.4.0
[INFO] [stderr]    Compiling clap_derive v3.2.18
[INFO] [stderr]     Checking futures-executor v0.3.21
[INFO] [stderr]     Checking futures v0.3.21
[INFO] [stderr]     Checking streamcatcher v1.0.1
[INFO] [stderr]     Checking flate2 v1.0.24
[INFO] [stderr]     Checking tokio-util v0.7.3
[INFO] [stderr]     Checking tokio-rustls v0.23.4
[INFO] [stderr]     Checking twilight-http-ratelimiting v0.12.2
[INFO] [stderr]     Checking leaky-bucket-lite v0.5.2
[INFO] [stderr]     Checking actix-rt v2.7.0
[INFO] [stderr]     Checking clap v3.2.20
[INFO] [stderr]     Checking tokio-tungstenite v0.17.2
[INFO] [stderr]     Checking async-tungstenite v0.17.2
[INFO] [stderr]     Checking h2 v0.3.13
[INFO] [stderr]     Checking actix v0.13.0
[INFO] [stderr]     Checking serde_json v1.0.82
[INFO] [stderr]     Checking serde-value v0.7.0
[INFO] [stderr]     Checking halfbrown v0.1.15
[INFO] [stderr]     Checking twilight-model v0.12.3
[INFO] [stderr]     Checking value-trait v0.4.0
[INFO] [stderr]     Checking serenity-voice-model v0.1.1
[INFO] [stderr]     Checking simd-json v0.6.0
[INFO] [stderr]     Checking hyper v0.14.19
[INFO] [stderr]     Checking hyper-rustls v0.23.0
[INFO] [stderr]     Checking twilight-validate v0.12.1
[INFO] [stderr]     Checking twilight-http v0.12.2
[INFO] [stderr]     Checking twilight-gateway-queue v0.12.0
[INFO] [stderr]     Checking twilight-gateway v0.12.1
[INFO] [stderr]     Checking vivara v0.1.0-alpha.3 (/opt/rustwide/workdir)
[INFO] [stdout] error[E0059]: type parameter to bare `FnOnce` trait must be a tuple
[INFO] [stdout]    --> src/connection.rs:208:26
[INFO] [stdout]     |
[INFO] [stdout] 208 |         impl<L, R, I, O> FnOnce<I> for Either<L, R>
[INFO] [stdout]     |                          ^^^^^^^^^ the trait `std::marker::Tuple` is not implemented for `I`
[INFO] [stdout]     |
[INFO] [stdout] note: required by a bound in `FnOnce`
[INFO] [stdout]    --> /rustc/9610dfe5a9a731ced1ea4923ecbd0c57fe367898/library/core/src/ops/function.rs:242:1
[INFO] [stdout] help: consider further restricting type parameter `I`
[INFO] [stdout]     |
[INFO] [stdout] 211 |             R: FnOnce<I, Output = O>, I: std::marker::Tuple
[INFO] [stdout]     |                                     ~~~~~~~~~~~~~~~~~~~~~~~
[INFO] [stdout] 
[INFO] [stdout] 
[INFO] [stdout] error[E0059]: type parameter to bare `FnOnce` trait must be a tuple
[INFO] [stdout]    --> src/connection.rs:210:26
[INFO] [stdout]     |
[INFO] [stdout] 210 |             L: FnOnce<I, Output = O>,
[INFO] [stdout]     |                          ^^^^^^^^^^ the trait `std::marker::Tuple` is not implemented for `I`
[INFO] [stdout]     |
[INFO] [stdout] note: required by a bound in `FnOnce`
[INFO] [stdout]    --> /rustc/9610dfe5a9a731ced1ea4923ecbd0c57fe367898/library/core/src/ops/function.rs:242:1
[INFO] [stdout] help: consider further restricting type parameter `I`
[INFO] [stdout]     |
[INFO] [stdout] 211 |             R: FnOnce<I, Output = O>, I: std::marker::Tuple
[INFO] [stdout]     |                                     ~~~~~~~~~~~~~~~~~~~~~~~
[INFO] [stdout] 
[INFO] [stdout] 
[INFO] [stdout] error: aborting due to 2 previous errors
[INFO] [stdout] 
[INFO] [stdout] 
[INFO] [stdout] For more information about this error, try `rustc --explain E0059`.
[INFO] [stdout] 
[INFO] [stderr] error: could not compile `vivara` (bin "vivara" test) due to 3 previous errors
[INFO] [stderr] warning: build failed, waiting for other jobs to finish...
[INFO] [stdout] error[E0059]: type parameter to bare `FnOnce` trait must be a tuple
[INFO] [stdout]    --> src/connection.rs:208:26
[INFO] [stdout]     |
[INFO] [stdout] 208 |         impl<L, R, I, O> FnOnce<I> for Either<L, R>
[INFO] [stdout]     |                          ^^^^^^^^^ the trait `std::marker::Tuple` is not implemented for `I`
[INFO] [stdout]     |
[INFO] [stdout] note: required by a bound in `FnOnce`
[INFO] [stdout]    --> /rustc/9610dfe5a9a731ced1ea4923ecbd0c57fe367898/library/core/src/ops/function.rs:242:1
[INFO] [stdout] help: consider further restricting type parameter `I`
[INFO] [stdout]     |
[INFO] [stdout] 211 |             R: FnOnce<I, Output = O>, I: std::marker::Tuple
[INFO] [stdout]     |                                     ~~~~~~~~~~~~~~~~~~~~~~~
[INFO] [stdout] 
[INFO] [stdout] 
[INFO] [stdout] error[E0059]: type parameter to bare `FnOnce` trait must be a tuple
[INFO] [stdout]    --> src/connection.rs:210:26
[INFO] [stdout]     |
[INFO] [stdout] 210 |             L: FnOnce<I, Output = O>,
[INFO] [stdout]     |                          ^^^^^^^^^^ the trait `std::marker::Tuple` is not implemented for `I`
[INFO] [stdout]     |
[INFO] [stdout] note: required by a bound in `FnOnce`
[INFO] [stdout]    --> /rustc/9610dfe5a9a731ced1ea4923ecbd0c57fe367898/library/core/src/ops/function.rs:242:1
[INFO] [stdout] help: consider further restricting type parameter `I`
[INFO] [stdout]     |
[INFO] [stdout] 211 |             R: FnOnce<I, Output = O>, I: std::marker::Tuple
[INFO] [stdout]     |                                     ~~~~~~~~~~~~~~~~~~~~~~~
[INFO] [stdout] 
[INFO] [stdout] 
[INFO] [stdout] error: aborting due to 2 previous errors
[INFO] [stdout] 
[INFO] [stdout] 
[INFO] [stdout] For more information about this error, try `rustc --explain E0059`.
[INFO] [stdout] 
[INFO] [stderr] error: could not compile `vivara` (bin "vivara") due to 3 previous errors
[INFO] running `Command { std: "docker" "inspect" "9676fed4348a1c5cb1504be6fe1a3cb018aaaea15cba86976b1cc38fab29abb2", kill_on_drop: false }`
[INFO] running `Command { std: "docker" "rm" "-f" "9676fed4348a1c5cb1504be6fe1a3cb018aaaea15cba86976b1cc38fab29abb2", kill_on_drop: false }`
[INFO] [stdout] 9676fed4348a1c5cb1504be6fe1a3cb018aaaea15cba86976b1cc38fab29abb2
